76?
2, 59
List the prime factors of 215.
5, 43
What are the prime factors of 57871?
11, 5261
What are the prime factors of 23221?
11, 2111
List the prime factors of 15417.
3, 571
What are the prime factors of 52430?
2, 5, 7, 107
What are the prime factors of 1770?
2, 3, 5, 59
What are the prime factors of 1873?
1873
What are the prime factors of 6031?
37, 163
What are the prime factors of 7471?
31, 241
List the prime factors of 4381.
13, 337
List the prime factors of 17446.
2, 11, 13, 61
What are the prime factors of 42486?
2, 3, 73, 97
What are the prime factors of 1455?
3, 5, 97
What are the prime factors of 41537?
73, 569
What are the prime factors of 11611?
17, 683
What are the prime factors of 12156?
2, 3, 1013
What are the prime factors of 532?
2, 7, 19
What are the prime factors of 6733?
6733
What are the prime factors of 12052?
2, 23, 131
What are the prime factors of 19631?
67, 293
List the prime factors of 150749.
127, 1187
What are the prime factors of 26320?
2, 5, 7, 47
List the prime factors of 2907.
3, 17, 19
What are the prime factors of 1126?
2, 563
What are the prime factors of 304?
2, 19
List the prime factors of 4343.
43, 101
What are the prime factors of 982?
2, 491
List the prime factors of 36000.
2, 3, 5
What are the prime factors of 2329?
17, 137
What are the prime factors of 3485?
5, 17, 41
List the prime factors of 47563.
47563
List the prime factors of 715.
5, 11, 13
What are the prime factors of 5197?
5197
What are the prime factors of 11507?
37, 311
What are the prime factors of 7846?
2, 3923
List the prime factors of 21920.
2, 5, 137
What are the prime factors of 24089?
13, 17, 109
What are the prime factors of 52598?
2, 7, 13, 17
What are the prime factors of 27015?
3, 5, 1801
List the prime factors of 15318.
2, 3, 23, 37
What are the prime factors of 16887?
3, 13, 433
What are the prime factors of 650?
2, 5, 13
What are the prime factors of 976?
2, 61
What are the prime factors of 17746?
2, 19, 467
List the prime factors of 4104.
2, 3, 19
What are the prime factors of 5799?
3, 1933
List the prime factors of 1946.
2, 7, 139
List the prime factors of 14135.
5, 11, 257
What are the prime factors of 28611?
3, 11, 17
List the prime factors of 26829.
3, 11, 271
What are the prime factors of 7738?
2, 53, 73
What are the prime factors of 8619?
3, 13, 17
What are the prime factors of 1123?
1123
List the prime factors of 3065.
5, 613
List the prime factors of 24184.
2, 3023
What are the prime factors of 867?
3, 17
What are the prime factors of 669?
3, 223
What are the prime factors of 2671?
2671
What are the prime factors of 14975?
5, 599
What are the prime factors of 25855?
5, 5171
What are the prime factors of 16517?
83, 199
What are the prime factors of 10395?
3, 5, 7, 11
What are the prime factors of 832?
2, 13
List the prime factors of 1342.
2, 11, 61
What are the prime factors of 6295?
5, 1259
List the prime factors of 168.
2, 3, 7
List the prime factors of 14752.
2, 461
List the prime factors of 1431.
3, 53
List the prime factors of 22651.
22651
What are the prime factors of 390?
2, 3, 5, 13
What are the prime factors of 7157?
17, 421
List the prime factors of 655.
5, 131
List the prime factors of 1997.
1997
What are the prime factors of 17369?
11, 1579
What are the prime factors of 50077?
50077
List the prime factors of 12139.
61, 199
What are the prime factors of 1665?
3, 5, 37
What are the prime factors of 20274?
2, 3, 31, 109
What are the prime factors of 1309?
7, 11, 17
What are the prime factors of 1640?
2, 5, 41
What are the prime factors of 249?
3, 83
What are the prime factors of 2269?
2269
What are the prime factors of 1773?
3, 197
What are the prime factors of 4548?
2, 3, 379
What are the prime factors of 4596?
2, 3, 383
What are the prime factors of 1945?
5, 389
What are the prime factors of 963?
3, 107
List the prime factors of 143.
11, 13
List the prime factors of 2697.
3, 29, 31
List the prime factors of 186599.
7, 19, 23, 61
List the prime factors of 4424.
2, 7, 79
List the prime factors of 37372.
2, 9343
List the prime factors of 383.
383
What are the prime factors of 56806?
2, 28403
What are the prime factors of 8030?
2, 5, 11, 73
What are the prime factors of 5973?
3, 11, 181
What are the prime factors of 1557?
3, 173
List the prime factors of 7721.
7, 1103
List the prime factors of 1030.
2, 5, 103
What are the prime factors of 19542?
2, 3, 3257
List the prime factors of 6938.
2, 3469
List the prime factors of 977.
977
List the prime factors of 18430.
2, 5, 19, 97
What are the prime factors of 113?
113
What are the prime factors of 7498?
2, 23, 163
List the prime factors of 21104.
2, 1319
List the prime factors of 13.
13
What are the prime factors of 26325?
3, 5, 13
List the prime factors of 39879.
3, 7, 211
List the prime factors of 554.
2, 277
List the prime factors of 56211.
3, 41, 457
List the prime factors of 111731.
111731
List the prime factors of 90.
2, 3, 5
List the prime factors of 1013.
1013
What are the prime factors of 8035?
5, 1607
List the prime factors of 14226.
2, 3, 2371
List the prime factors of 8794.
2, 4397
What are the prime factors of 2314?
2, 13, 89
What are the prime factors of 6426?
2, 3, 7, 17
List the prime factors of 750.
2, 3, 5
List the prime factors of 3794.
2, 7, 271
List the prime factors of 131525.
5, 5261
List the prime factors of 1115.
5, 223
What are the prime factors of 303?
3, 101
List the prime factors of 3446.
2, 1723
What are the prime factors of 22804?
2, 5701
What are the prime factors of 1232?
2, 7, 11
List the prime factors of 22742.
2, 83, 137
List the prime factors of 23925.
3, 5, 11, 29
What are the prime factors of 172822?
2, 13, 17, 23
List the prime factors of 573.
3, 191
What are the prime factors of 11250?
2, 3, 5
What are the prime factors of 5284?
2, 1321
What are the prime factors of 5227?
5227
List the prime factors of 1795.
5, 359
What are the prime factors of 12664?
2, 1583
List the prime factors of 59489.
19, 31, 101
List the prime factors of 1742.
2, 13, 67
What are the prime factors of 263?
263
What are the prime factors of 29531?
29531
What are the prime factors of 7195?
5, 1439
List the prime factors of 12611.
12611
List the prime factors of 818.
2, 409
What are the prime factors of 36787?
36787
List the prime factors of 28022.
2, 14011
What are the prime factors of 169?
13
What are the prime factors of 45165?
3, 5, 3011
List the prime factors of 42561.
3, 4729
What are the prime factors of 13?
13
List the prime factors of 1377.
3, 17
What are the prime factors of 1114?
2, 557
What are the prime factors of 32457?
3, 31, 349
What are the prime factors of 19211?
19211
List the prime factors of 5261.
5261
List the prime factors of 1369.
37
List the prime factors of 3887.
13, 23
List the prime factors of 2780.
2, 5, 139
What are the prime factors of 1369?
37
List the prime factors of 1330.
2, 5, 7, 19
List the prime factors of 3073.
7, 439
List the prime factors of 4086.
2, 3, 227
List the prime factors of 3272.
2, 409
List the prime factors of 16175.
5, 647
What are the prime factors of 28791?
3, 7, 457
List the prime factors of 14723.
14723
List the prime factors of 6470.
2, 5, 647
What are the prime factors of 371?
7, 53
List the prime factors of 1161.
3, 43
What are the prime factors of 4942?
2, 7, 353
What are the prime factors of 1248?
2, 3, 13
List the prime factors of 1235.
5, 13, 19
List the prime factors of 2684.
2, 11, 61
List the prime factors of 6047.
6047
What are the prime factors of 13408?
2, 419
List the prime factors of 39222.
2, 3, 2179
List the prime factors of 32900.
2, 5, 7, 47
List the prime factors of 1707.
3, 569
List the prime factors of 95691.
3, 167, 191
What are the prime factors of 1416?
2, 3, 59
What are the prime factors of 756?
2, 3, 7
What are the prime factors of 90355?
5, 17, 1063
List the prime factors of 1240.
2, 5, 31
List the prime factors of 10643.
29, 367
What are the prime factors of 85480?
2, 5, 2137
What are the prime factors of 630?
2, 3, 5, 7
List the prime factors of 9841.
13, 757
What are the prime factors of 20839?
7, 13, 229
List the prime factors of 21012.
2, 3, 17, 103
What are the prime factors of 44399?
29, 1531
What are the prime factors of 74429?
263, 283
What are the prime f